{"id":12,"date":"2024-10-22T13:44:45","date_gmt":"2024-10-22T11:44:45","guid":{"rendered":"https:\/\/nouveau.therapeutiques.ch\/?page_id=12"},"modified":"2025-02-27T12:51:29","modified_gmt":"2025-02-27T11:51:29","slug":"auragraphie","status":"publish","type":"page","link":"https:\/\/massages.therapeutiques.ch\/index.php\/auragraphie\/","title":{"rendered":"Auragraphie"},"content":{"rendered":"\t\t<div data-elementor-type=\"wp-page\" data-elementor-id=\"12\" class=\"elementor elementor-12\">\n\t\t\t\t\t\t<section class=\"elementor-section elementor-top-section elementor-element elementor-element-df822fe elementor-section-boxed elementor-section-height-default elementor-section-height-default\" data-id=\"df822fe\" data-element_type=\"section\" data-e-type=\"section\" data-settings=\"{&quot;background_background&quot;:&quot;classic&quot;,&quot;shape_divider_bottom&quot;:&quot;waves&quot;}\">\n\t\t\t\t\t\t\t<div class=\"elementor-background-overlay\"><\/div>\n\t\t\t\t\t\t<div class=\"elementor-shape elementor-shape-bottom\" aria-hidden=\"true\" data-negative=\"false\">\n\t\t\t<svg xmlns=\"http:\/\/www.w3.org\/2000\/svg\" viewBox=\"0 0 1000 100\" preserveAspectRatio=\"none\">\n\t<path class=\"elementor-shape-fill\" d=\"M421.9,6.5c22.6-2.5,51.5,0.4,75.5,5.3c23.6,4.9,70.9,23.5,100.5,35.7c75.8,32.2,133.7,44.5,192.6,49.7\n\tc23.6,2.1,48.7,3.5,103.4-2.5c54.7-6,106.2-25.6,106.2-25.6V0H0v30.3c0,0,72,32.6,158.4,30.5c39.2-0.7,92.8-6.7,134-22.4\n\tc21.2-8.1,52.2-18.2,79.7-24.2C399.3,7.9,411.6,7.5,421.9,6.5z\"\/>\n<\/svg>\t\t<\/div>\n\t\t\t\t\t<div class=\"elementor-container elementor-column-gap-default\">\n\t\t\t\t\t<div class=\"elementor-column elementor-col-100 elementor-top-column elementor-element elementor-element-4d9ae28\" data-id=\"4d9ae28\" data-element_type=\"column\" data-e-type=\"column\">\n\t\t\t<div class=\"elementor-widget-wrap elementor-element-populated\">\n\t\t\t\t\t\t<div class=\"elementor-element elementor-element-b0dbc24 elementor-widget elementor-widget-heading\" data-id=\"b0dbc24\" data-element_type=\"widget\" data-e-type=\"widget\" data-settings=\"{&quot;_animation&quot;:&quot;none&quot;}\" data-widget_type=\"heading.default\">\n\t\t\t\t<div class=\"elementor-widget-container\">\n\t\t\t\t\t<h1 class=\"elementor-heading-title elementor-size-default\">Auragraphie<\/h1>\t\t\t\t<\/div>\n\t\t\t\t<\/div>\n\t\t\t\t\t<\/div>\n\t\t<\/div>\n\t\t\t\t\t<\/div>\n\t\t<\/section>\n\t\t\t\t<section class=\"elementor-section elementor-top-section elementor-element elementor-element-bab7afc elementor-section-boxed elementor-section-height-default elementor-section-height-default\" data-id=\"bab7afc\" data-element_type=\"section\" data-e-type=\"section\">\n\t\t\t\t\t\t<div class=\"elementor-container elementor-column-gap-default\">\n\t\t\t\t\t<div class=\"elementor-column elementor-col-100 elementor-top-column elementor-element elementor-element-6a12bc1\" data-id=\"6a12bc1\" data-element_type=\"column\" data-e-type=\"column\">\n\t\t\t<div class=\"elementor-widget-wrap elementor-element-populated\">\n\t\t\t\t\t\t<div class=\"elementor-element elementor-element-c159642 elementor-invisible elementor-widget elementor-widget-heading\" data-id=\"c159642\" data-element_type=\"widget\" data-e-type=\"widget\" data-settings=\"{&quot;_animation&quot;:&quot;zoomIn&quot;}\" data-widget_type=\"heading.default\">\n\t\t\t\t<div class=\"elementor-widget-container\">\n\t\t\t\t\t<h2 class=\"elementor-heading-title elementor-size-default\">A quoi \u00e7a sert ?\n<\/h2>\t\t\t\t<\/div>\n\t\t\t\t<\/div>\n\t\t\t\t<div class=\"elementor-element elementor-element-869f2c5 elementor-widget elementor-widget-text-editor\" data-id=\"869f2c5\" data-element_type=\"widget\" data-e-type=\"widget\" data-widget_type=\"text-editor.default\">\n\t\t\t\t<div class=\"elementor-widget-container\">\n\t\t\t\t\t\t\t\t\t<p>L&rsquo;auragraphie est une aide efficace pour nous aider \u00e0 r\u00e9soudre nos difficult\u00e9s, car lorsque notre aura est perturb\u00e9e, cela se ressent dans notre vie de tous les jours. Nous pouvons ressentir par exemple des manque d&rsquo;ancrage, de confiance, de concentration, des d\u00e9pressions, grosses fatigues, ego surdimensionn\u00e9, migraines, difficult\u00e9s \u00e0 l\u00e2cher prise, insomnies, \u00e9motions excessives, peurs et angoisses.<br \/><br \/>Ce travail sur l&rsquo;aura nous aide dans la vie pratique, car tout \u00e0 coup comme par miracle, les situations se d\u00e9bloquent, et de nouvelles choses se mettent en place, de nouvelles opportunit\u00e9s s&rsquo;offrent \u00e0 nous. Cela se ressent \u00e9galement sur les gens qui nous c\u00f4toient, dans leur fa\u00e7on d&rsquo;\u00eatre avec nous, car ce que nous d\u00e9gageons dans notre \u00e9nergie, dans notre aura, se r\u00e9pand tout autour de nous.<\/p>\t\t\t\t\t\t\t\t<\/div>\n\t\t\t\t<\/div>\n\t\t\t\t<div class=\"elementor-element elementor-element-e1455b4 elementor-widget elementor-widget-image\" data-id=\"e1455b4\" data-element_type=\"widget\" data-e-type=\"widget\" data-widget_type=\"image.default\">\n\t\t\t\t<div class=\"elementor-widget-container\">\n\t\t\t\t\t\t\t\t\t\t\t\t\t\t\t<img decoding=\"async\" src=\"https:\/\/massages.therapeutiques.ch\/wp-content\/uploads\/elementor\/thumbs\/meditation2-r1z8sa12422eycyv149qih7gjb6mvsw9jb8zu5glf4.png\" title=\"meditation2\" alt=\"meditation2\" loading=\"lazy\" \/>\t\t\t\t\t\t\t\t\t\t\t\t\t\t\t<\/div>\n\t\t\t\t<\/div>\n\t\t\t\t<div class=\"elementor-element elementor-element-234e9ec elementor-invisible elementor-widget elementor-widget-heading\" data-id=\"234e9ec\" data-element_type=\"widget\" data-e-type=\"widget\" data-settings=\"{&quot;_animation&quot;:&quot;zoomIn&quot;}\" data-widget_type=\"heading.default\">\n\t\t\t\t<div class=\"elementor-widget-container\">\n\t\t\t\t\t<h2 class=\"elementor-heading-title elementor-size-default\">D\u00e9roulement du soin<\/h2>\t\t\t\t<\/div>\n\t\t\t\t<\/div>\n\t\t\t\t<div class=\"elementor-element elementor-element-654b3b8 elementor-widget elementor-widget-text-editor\" data-id=\"654b3b8\" data-element_type=\"widget\" data-e-type=\"widget\" data-widget_type=\"text-editor.default\">\n\t\t\t\t<div class=\"elementor-widget-container\">\n\t\t\t\t\t\t\t\t\t<p>L&rsquo;auragraphie est l&rsquo;\u00e9criture automatique de notre aura, soit de l&rsquo;ensemble des corps \u00e9nerg\u00e9tiques qui nous composent, qui sont au nombre de 7.<br \/><br \/>Dans ce dessin (auragraphe) , nous pouvons voir toutes nos perturbations physiques et \u00e9motionnelles, nos blocages, ainsi que des failles, trous dans l&rsquo;aura, ou autres probl\u00e8mes qui pourraient s&rsquo;y trouver, tout comme par exemple des entit\u00e9s.<br \/><br \/>Apr\u00e8s avoir fait le dessin, un soin \u00e0 distance est prodigu\u00e9 sur la personne, afin de r\u00e9tablir l&rsquo;Equilibre dans son aura.<br \/><br \/>Ce soin agit directement sur les chakras et peut \u00eatre effectu\u00e9 de difff\u00e9rentes mani\u00e8res, soit gr\u00e2ce au reiki, au magn\u00e9tisme, \u00e0 la radiesth\u00e9sie, \u00e0 la lithoth\u00e9rapie, fleurs de bach et huiles essentielles, pri\u00e8res et appels aux anges et archanges.<br \/><br \/>Nous contr\u00f4lons l&rsquo;\u00e9nergie vitale et le taux vibratoire, avant et apr\u00e8s le soin, et il y a la plupart du temps une grande augmentation d&rsquo;\u00e9nergie \u00e0 la fin.<br \/><br \/>Une auragraphe est \u00e0 nouveau effectu\u00e9e apr\u00e8s le soin pour constater les am\u00e9liorations et changements.<\/p>\t\t\t\t\t\t\t\t<\/div>\n\t\t\t\t<\/div>\n\t\t\t\t<div class=\"elementor-element elementor-element-36a929f elementor-widget elementor-widget-image\" data-id=\"36a929f\" data-element_type=\"widget\" data-e-type=\"widget\" data-widget_type=\"image.default\">\n\t\t\t\t<div class=\"elementor-widget-container\">\n\t\t\t\t\t\t\t\t\t\t\t\t\t\t\t<img decoding=\"async\" src=\"https:\/\/massages.therapeutiques.ch\/wp-content\/uploads\/elementor\/thumbs\/pixelcut-export-1739906636241-r1zak56agthrsk783q36xd0xjsefvgfpneynoyrmnk.png\" title=\"pixelcut-export-1739906636241\" alt=\"pixelcut-export-1739906636241\" loading=\"lazy\" \/>\t\t\t\t\t\t\t\t\t\t\t\t\t\t\t<\/div>\n\t\t\t\t<\/div>\n\t\t\t\t<div class=\"elementor-element elementor-element-b541624 elementor-align-center elementor-widget elementor-widget-button\" data-id=\"b541624\" data-element_type=\"widget\" data-e-type=\"widget\" data-widget_type=\"button.default\">\n\t\t\t\t<div class=\"elementor-widget-container\">\n\t\t\t\t\t\t\t\t\t<div class=\"elementor-button-wrapper\">\n\t\t\t\t\t<a class=\"elementor-button elementor-button-link elementor-size-sm elementor-animation-bob\" href=\"https:\/\/massages.therapeutiques.ch\/index.php\/contact\/\">\n\t\t\t\t\t\t<span class=\"elementor-button-content-wrapper\">\n\t\t\t\t\t\t\t\t\t<span class=\"elementor-button-text\">Merci de me contacter pour prendre un rendez-vous<\/span>\n\t\t\t\t\t<\/span>\n\t\t\t\t\t<\/a>\n\t\t\t\t<\/div>\n\t\t\t\t\t\t\t\t<\/div>\n\t\t\t\t<\/div>\n\t\t\t\t\t<\/div>\n\t\t<\/div>\n\t\t\t\t\t<\/div>\n\t\t<\/section>\n\t\t\t\t<\/div>\n\t\t","protected":false},"excerpt":{"rendered":"<p>Auragraphie A quoi \u00e7a sert ? L&rsquo;auragraphie est une aide efficace pour nous aider \u00e0 r\u00e9soudre nos difficult\u00e9s, car lorsque notre aura est perturb\u00e9e, cela se ressent dans notre vie de tous les jours. Nous pouvons ressentir par exemple des manque d&rsquo;ancrage, de confiance, de concentration, des d\u00e9pressions, grosses fatigues, ego surdimensionn\u00e9, migraines, difficult\u00e9s \u00e0 [&hellip;]<\/p>\n","protected":false},"author":1,"featured_media":0,"parent":0,"menu_order":5,"comment_status":"closed","ping_status":"closed","template":"","meta":{"footnotes":""},"class_list":["post-12","page","type-page","status-publish","hentry"],"_links":{"self":[{"href":"https:\/\/massages.therapeutiques.ch\/index.php\/wp-json\/wp\/v2\/pages\/12","targetHints":{"allow":["GET"]}}],"collection":[{"href":"https:\/\/massages.therapeutiques.ch\/index.php\/wp-json\/wp\/v2\/pages"}],"about":[{"href":"https:\/\/massages.therapeutiques.ch\/index.php\/wp-json\/wp\/v2\/types\/page"}],"author":[{"embeddable":true,"href":"https:\/\/massages.therapeutiques.ch\/index.php\/wp-json\/wp\/v2\/users\/1"}],"replies":[{"embeddable":true,"href":"https:\/\/massages.therapeutiques.ch\/index.php\/wp-json\/wp\/v2\/comments?post=12"}],"version-history":[{"count":25,"href":"https:\/\/massages.therapeutiques.ch\/index.php\/wp-json\/wp\/v2\/pages\/12\/revisions"}],"predecessor-version":[{"id":1388,"href":"https:\/\/massages.therapeutiques.ch\/index.php\/wp-json\/wp\/v2\/pages\/12\/revisions\/1388"}],"wp:attachment":[{"href":"https:\/\/massages.therapeutiques.ch\/index.php\/wp-json\/wp\/v2\/media?parent=12"}],"curies":[{"name":"wp","href":"https:\/\/api.w.org\/{rel}","templated":true}]}}