{"id":1429,"date":"2025-05-23T14:47:06","date_gmt":"2025-05-23T12:47:06","guid":{"rendered":"https:\/\/massages.therapeutiques.ch\/?page_id=1429"},"modified":"2025-05-23T15:11:36","modified_gmt":"2025-05-23T13:11:36","slug":"formulaire","status":"publish","type":"page","link":"https:\/\/massages.therapeutiques.ch\/index.php\/formulaire\/","title":{"rendered":"Formulaire"},"content":{"rendered":"\t\t<div data-elementor-type=\"wp-page\" data-elementor-id=\"1429\" class=\"elementor elementor-1429\">\n\t\t\t\t\t\t<section class=\"elementor-section elementor-top-section elementor-element elementor-element-00f6215 elementor-section-boxed elementor-section-height-default elementor-section-height-default\" data-id=\"00f6215\" data-element_type=\"section\" data-e-type=\"section\" data-settings=\"{&quot;background_background&quot;:&quot;classic&quot;,&quot;shape_divider_bottom&quot;:&quot;waves&quot;}\">\n\t\t\t\t\t\t\t<div class=\"elementor-background-overlay\"><\/div>\n\t\t\t\t\t\t<div class=\"elementor-shape elementor-shape-bottom\" aria-hidden=\"true\" data-negative=\"false\">\n\t\t\t<svg xmlns=\"http:\/\/www.w3.org\/2000\/svg\" viewBox=\"0 0 1000 100\" preserveAspectRatio=\"none\">\n\t<path class=\"elementor-shape-fill\" d=\"M421.9,6.5c22.6-2.5,51.5,0.4,75.5,5.3c23.6,4.9,70.9,23.5,100.5,35.7c75.8,32.2,133.7,44.5,192.6,49.7\n\tc23.6,2.1,48.7,3.5,103.4-2.5c54.7-6,106.2-25.6,106.2-25.6V0H0v30.3c0,0,72,32.6,158.4,30.5c39.2-0.7,92.8-6.7,134-22.4\n\tc21.2-8.1,52.2-18.2,79.7-24.2C399.3,7.9,411.6,7.5,421.9,6.5z\"\/>\n<\/svg>\t\t<\/div>\n\t\t\t\t\t<div class=\"elementor-container elementor-column-gap-default\">\n\t\t\t\t\t<div class=\"elementor-column elementor-col-100 elementor-top-column elementor-element elementor-element-46c5311\" data-id=\"46c5311\" data-element_type=\"column\" data-e-type=\"column\">\n\t\t\t<div class=\"elementor-widget-wrap elementor-element-populated\">\n\t\t\t\t\t\t<div class=\"elementor-element elementor-element-5625602 elementor-invisible elementor-widget elementor-widget-heading\" data-id=\"5625602\" data-element_type=\"widget\" data-e-type=\"widget\" data-settings=\"{&quot;_animation&quot;:&quot;zoomIn&quot;}\" data-widget_type=\"heading.default\">\n\t\t\t\t<div class=\"elementor-widget-container\">\n\t\t\t\t\t<h1 class=\"elementor-heading-title elementor-size-default\">Commandez votre bon cadeau<\/h1>\t\t\t\t<\/div>\n\t\t\t\t<\/div>\n\t\t\t\t\t<\/div>\n\t\t<\/div>\n\t\t\t\t\t<\/div>\n\t\t<\/section>\n\t\t<div class=\"elementor-element elementor-element-e1c84b7 e-flex e-con-boxed e-con e-parent\" data-id=\"e1c84b7\" data-element_type=\"container\" data-e-type=\"container\">\n\t\t\t\t\t<div class=\"e-con-inner\">\n\t\t\t\t<div class=\"elementor-element elementor-element-25abf4c elementor-widget elementor-widget-wpforms\" data-id=\"25abf4c\" data-element_type=\"widget\" data-e-type=\"widget\" data-widget_type=\"wpforms.default\">\n\t\t\t\t<div class=\"elementor-widget-container\">\n\t\t\t\t\t<div class=\"wpforms-container wpforms-container-full wpforms-render-modern\" id=\"wpforms-1427\"><form id=\"wpforms-form-1427\" class=\"wpforms-validate wpforms-form wpforms-ajax-form\" data-formid=\"1427\" method=\"post\" enctype=\"multipart\/form-data\" action=\"\/index.php\/wp-json\/wp\/v2\/pages\/1429\" data-token=\"8086ce0a874a39317bf7c00995289697\" data-token-time=\"1778072838\"><noscript class=\"wpforms-error-noscript\">Veuillez activer JavaScript dans votre navigateur pour remplir ce formulaire.<\/noscript><div id=\"wpforms-error-noscript\" style=\"display: none;\">Veuillez activer JavaScript dans votre navigateur pour remplir ce formulaire.<\/div><div class=\"wpforms-field-container\"><div id=\"wpforms-1427-field_1-container\" class=\"wpforms-field wpforms-field-name\" data-field-id=\"1\"><fieldset><legend class=\"wpforms-field-label\">Coordonn\u00e9es <span class=\"wpforms-required-label\" aria-hidden=\"true\">*<\/span><\/legend><div class=\"wpforms-field-row wpforms-field-medium\"><div class=\"wpforms-field-row-block wpforms-first wpforms-one-half\"><input type=\"text\" id=\"wpforms-1427-field_1\" class=\"wpforms-field-name-first wpforms-field-required\" name=\"wpforms[fields][1][first]\" aria-errormessage=\"wpforms-1427-field_1-error\" required><label for=\"wpforms-1427-field_1\" class=\"wpforms-field-sublabel after\">Pr\u00e9nom<\/label><\/div><div class=\"wpforms-field-row-block wpforms-one-half\"><input type=\"text\" id=\"wpforms-1427-field_1-last\" class=\"wpforms-field-name-last wpforms-field-required\" name=\"wpforms[fields][1][last]\" aria-errormessage=\"wpforms-1427-field_1-last-error\" required><label for=\"wpforms-1427-field_1-last\" class=\"wpforms-field-sublabel after\">Nom<\/label><\/div><\/div><\/fieldset><\/div><div id=\"wpforms-1427-field_2-container\" class=\"wpforms-field wpforms-field-email\" data-field-id=\"2\"><label class=\"wpforms-field-label\" for=\"wpforms-1427-field_2\">E-mail <span class=\"wpforms-required-label\" aria-hidden=\"true\">*<\/span><\/label><input type=\"email\" id=\"wpforms-1427-field_2\" class=\"wpforms-field-medium wpforms-field-required\" name=\"wpforms[fields][2]\" spellcheck=\"false\" aria-errormessage=\"wpforms-1427-field_2-error\" required><\/div>\t\t<div id=\"wpforms-1427-field_4-container\"\n\t\t\tclass=\"wpforms-field wpforms-field-text\"\n\t\t\tdata-field-type=\"text\"\n\t\t\tdata-field-id=\"4\"\n\t\t\t>\n\t\t\t<label class=\"wpforms-field-label\" for=\"wpforms-1427-field_4\" >ou \u00e0 message<\/label>\n\t\t\t<input type=\"text\" id=\"wpforms-1427-field_4\" class=\"wpforms-field-medium\" name=\"wpforms[fields][4]\" >\n\t\t<\/div>\n\t\t<div id=\"wpforms-1427-field_9-container\" class=\"wpforms-field wpforms-field-checkbox\" data-field-id=\"9\"><fieldset><legend class=\"wpforms-field-label\">\u00e0 cocher<\/legend><ul id=\"wpforms-1427-field_9\"><li class=\"choice-1 depth-1\"><input type=\"checkbox\" id=\"wpforms-1427-field_9_1\" name=\"wpforms[fields][9][]\" value=\"Je d\u00e9sire un bon cadeau \u00e0 Fr. 120.00\" aria-errormessage=\"wpforms-1427-field_9_1-error\"  ><label class=\"wpforms-field-label-inline\" for=\"wpforms-1427-field_9_1\">Je d\u00e9sire un bon cadeau \u00e0 Fr. 120.00<\/label><\/li><li class=\"choice-2 depth-1\"><input type=\"checkbox\" id=\"wpforms-1427-field_9_2\" name=\"wpforms[fields][9][]\" value=\"Je d\u00e9sire un bon cadeau \u00e0 Fr. 160.00\" aria-errormessage=\"wpforms-1427-field_9_2-error\"  ><label class=\"wpforms-field-label-inline\" for=\"wpforms-1427-field_9_2\">Je d\u00e9sire un bon cadeau \u00e0 Fr. 160.00<\/label><\/li><li class=\"choice-3 depth-1\"><input type=\"checkbox\" id=\"wpforms-1427-field_9_3\" name=\"wpforms[fields][9][]\" value=\"Autre montant\" aria-errormessage=\"wpforms-1427-field_9_3-error\"  ><label class=\"wpforms-field-label-inline\" for=\"wpforms-1427-field_9_3\">Autre montant<\/label><\/li><\/ul><\/fieldset><\/div><div id=\"wpforms-1427-field_6-container\" class=\"wpforms-field wpforms-field-checkbox\" data-field-id=\"6\"><fieldset><legend class=\"wpforms-field-label\">\u00e0 cocher<\/legend><ul id=\"wpforms-1427-field_6\"><li class=\"choice-1 depth-1\"><input type=\"checkbox\" id=\"wpforms-1427-field_6_1\" name=\"wpforms[fields][6][]\" value=\"Je paie cash sur place, date ou heure \u00e0 convenir\" aria-errormessage=\"wpforms-1427-field_6_1-error\"  ><label class=\"wpforms-field-label-inline\" for=\"wpforms-1427-field_6_1\">Je paie cash sur place, date ou heure \u00e0 convenir<\/label><\/li><li class=\"choice-4 depth-1\"><input type=\"checkbox\" id=\"wpforms-1427-field_6_4\" name=\"wpforms[fields][6][]\" value=\"Je viens le chercher \u00e0 Cheyres dans la boite \u00e0 lait et paie par twint ou QR code\" aria-errormessage=\"wpforms-1427-field_6_4-error\"  ><label class=\"wpforms-field-label-inline\" for=\"wpforms-1427-field_6_4\">Je viens le chercher \u00e0 Cheyres dans la boite \u00e0 lait et paie par twint ou QR code<\/label><\/li><li class=\"choice-2 depth-1\"><input type=\"checkbox\" id=\"wpforms-1427-field_6_2\" name=\"wpforms[fields][6][]\" value=\"Je pr\u00e9f\u00e8re un envoi postal et paie par twint ou code QR\" aria-errormessage=\"wpforms-1427-field_6_2-error\"  ><label class=\"wpforms-field-label-inline\" for=\"wpforms-1427-field_6_2\">Je pr\u00e9f\u00e8re un envoi postal et paie par twint ou code QR<\/label><\/li><li class=\"choice-3 depth-1\"><input type=\"checkbox\" id=\"wpforms-1427-field_6_3\" name=\"wpforms[fields][6][]\" value=\"J&#039;aimerais le recevoir par mail et paie par twint ou code QR\" aria-errormessage=\"wpforms-1427-field_6_3-error\"  ><label class=\"wpforms-field-label-inline\" for=\"wpforms-1427-field_6_3\">J'aimerais le recevoir par mail et paie par twint ou code QR<\/label><\/li><\/ul><\/fieldset><\/div><div id=\"wpforms-1427-field_3-container\" class=\"wpforms-field wpforms-field-textarea\" data-field-id=\"3\"><label class=\"wpforms-field-label\" for=\"wpforms-1427-field_3\">Commentaire ou message<\/label><textarea id=\"wpforms-1427-field_3\" class=\"wpforms-field-medium\" name=\"wpforms[fields][3]\" aria-errormessage=\"wpforms-1427-field_3-error\" ><\/textarea><\/div><script>\n\t\t\t\t( function() {\n\t\t\t\t\tconst style = document.createElement( 'style' );\n\t\t\t\t\tstyle.appendChild( document.createTextNode( '#wpforms-1427-field_4-container { position: absolute !important; overflow: hidden !important; display: inline !important; height: 1px !important; width: 1px !important; z-index: -1000 !important; padding: 0 !important; } #wpforms-1427-field_4-container input { visibility: hidden; } #wpforms-conversational-form-page #wpforms-1427-field_4-container label { counter-increment: none; }' ) );\n\t\t\t\t\tdocument.head.appendChild( style );\n\t\t\t\t\tdocument.currentScript?.remove();\n\t\t\t\t} )();\n\t\t\t<\/script><\/div><!-- .wpforms-field-container --><div class=\"wpforms-submit-container\" ><input type=\"hidden\" name=\"wpforms[id]\" value=\"1427\"><input type=\"hidden\" name=\"page_title\" value=\"\"><input type=\"hidden\" name=\"page_url\" value=\"https:\/\/massages.therapeutiques.ch\/index.php\/wp-json\/wp\/v2\/pages\/1429\"><input type=\"hidden\" name=\"url_referer\" value=\"\"><button type=\"submit\" name=\"wpforms[submit]\" id=\"wpforms-submit-1427\" class=\"wpforms-submit\" data-alt-text=\"Envoi...\" data-submit-text=\"Envoyer\" aria-live=\"assertive\" value=\"wpforms-submit\">Envoyer<\/button><img decoding=\"async\" src=\"https:\/\/massages.therapeutiques.ch\/wp-content\/plugins\/wpforms-lite\/assets\/images\/submit-spin.svg\" class=\"wpforms-submit-spinner\" style=\"display: none;\" width=\"26\" height=\"26\" alt=\"Chargement en cours\"><\/div><\/form><\/div>  <!-- .wpforms-container -->\t\t\t\t<\/div>\n\t\t\t\t<\/div>\n\t\t\t\t\t<\/div>\n\t\t\t\t<\/div>\n\t\t\t\t<\/div>\n\t\t","protected":false},"excerpt":{"rendered":"<p>Commandez votre bon cadeau Veuillez activer JavaScript dans votre navigateur pour remplir ce formulaire.Veuillez activer JavaScript dans votre navigateur pour remplir ce formulaire. Nom * Pr\u00e9nomNom E-mail * Cases \u00e0 cocher Je d\u00e9sire un bon cadeau \u00e0 Fr. 120.00 Je d\u00e9sire un bon cadeau \u00e0 Fr. 160.00 Autre montant Cases \u00e0 cocher Format papier Format [&hellip;]<\/p>\n","protected":false},"author":1,"featured_media":0,"parent":0,"menu_order":18,"comment_status":"closed","ping_status":"closed","template":"","meta":{"footnotes":""},"class_list":["post-1429","page","type-page","status-publish","hentry"],"_links":{"self":[{"href":"https:\/\/massages.therapeutiques.ch\/index.php\/wp-json\/wp\/v2\/pages\/1429","targetHints":{"allow":["GET"]}}],"collection":[{"href":"https:\/\/massages.therapeutiques.ch\/index.php\/wp-json\/wp\/v2\/pages"}],"about":[{"href":"https:\/\/massages.therapeutiques.ch\/index.php\/wp-json\/wp\/v2\/types\/page"}],"author":[{"embeddable":true,"href":"https:\/\/massages.therapeutiques.ch\/index.php\/wp-json\/wp\/v2\/users\/1"}],"replies":[{"embeddable":true,"href":"https:\/\/massages.therapeutiques.ch\/index.php\/wp-json\/wp\/v2\/comments?post=1429"}],"version-history":[{"count":12,"href":"https:\/\/massages.therapeutiques.ch\/index.php\/wp-json\/wp\/v2\/pages\/1429\/revisions"}],"predecessor-version":[{"id":1450,"href":"https:\/\/massages.therapeutiques.ch\/index.php\/wp-json\/wp\/v2\/pages\/1429\/revisions\/1450"}],"wp:attachment":[{"href":"https:\/\/massages.therapeutiques.ch\/index.php\/wp-json\/wp\/v2\/media?parent=1429"}],"curies":[{"name":"wp","href":"https:\/\/api.w.org\/{rel}","templated":true}]}}