{"id":80,"date":"2024-10-22T14:17:57","date_gmt":"2024-10-22T12:17:57","guid":{"rendered":"https:\/\/nouveau.therapeutiques.ch\/?page_id=80"},"modified":"2025-02-07T11:59:08","modified_gmt":"2025-02-07T10:59:08","slug":"decodage-de-vie","status":"publish","type":"page","link":"https:\/\/massages.therapeutiques.ch\/index.php\/decodage-de-vie\/","title":{"rendered":"D\u00e9codage de Vie"},"content":{"rendered":"\t\t<div data-elementor-type=\"wp-page\" data-elementor-id=\"80\" class=\"elementor elementor-80\">\n\t\t\t\t\t\t<section class=\"elementor-section elementor-top-section elementor-element elementor-element-8cd0208 elementor-section-boxed elementor-section-height-default elementor-section-height-default\" data-id=\"8cd0208\" data-element_type=\"section\" data-e-type=\"section\" data-settings=\"{&quot;background_background&quot;:&quot;classic&quot;,&quot;shape_divider_bottom&quot;:&quot;waves&quot;}\">\n\t\t\t\t\t\t\t<div class=\"elementor-background-overlay\"><\/div>\n\t\t\t\t\t\t<div class=\"elementor-shape elementor-shape-bottom\" aria-hidden=\"true\" data-negative=\"false\">\n\t\t\t<svg xmlns=\"http:\/\/www.w3.org\/2000\/svg\" viewBox=\"0 0 1000 100\" preserveAspectRatio=\"none\">\n\t<path class=\"elementor-shape-fill\" d=\"M421.9,6.5c22.6-2.5,51.5,0.4,75.5,5.3c23.6,4.9,70.9,23.5,100.5,35.7c75.8,32.2,133.7,44.5,192.6,49.7\n\tc23.6,2.1,48.7,3.5,103.4-2.5c54.7-6,106.2-25.6,106.2-25.6V0H0v30.3c0,0,72,32.6,158.4,30.5c39.2-0.7,92.8-6.7,134-22.4\n\tc21.2-8.1,52.2-18.2,79.7-24.2C399.3,7.9,411.6,7.5,421.9,6.5z\"\/>\n<\/svg>\t\t<\/div>\n\t\t\t\t\t<div class=\"elementor-container elementor-column-gap-default\">\n\t\t\t\t\t<div class=\"elementor-column elementor-col-100 elementor-top-column elementor-element elementor-element-7274dd8\" data-id=\"7274dd8\" data-element_type=\"column\" data-e-type=\"column\">\n\t\t\t<div class=\"elementor-widget-wrap elementor-element-populated\">\n\t\t\t\t\t\t<div class=\"elementor-element elementor-element-77d0ab1 elementor-invisible elementor-widget elementor-widget-heading\" data-id=\"77d0ab1\" data-element_type=\"widget\" data-e-type=\"widget\" data-settings=\"{&quot;_animation&quot;:&quot;zoomIn&quot;}\" data-widget_type=\"heading.default\">\n\t\t\t\t<div class=\"elementor-widget-container\">\n\t\t\t\t\t<h1 class=\"elementor-heading-title elementor-size-default\">Le D\u00e9codage de Vie<\/h1>\t\t\t\t<\/div>\n\t\t\t\t<\/div>\n\t\t\t\t\t<\/div>\n\t\t<\/div>\n\t\t\t\t\t<\/div>\n\t\t<\/section>\n\t\t\t\t<section class=\"elementor-section elementor-top-section elementor-element elementor-element-23b18cc elementor-section-boxed elementor-section-height-default elementor-section-height-default\" data-id=\"23b18cc\" data-element_type=\"section\" data-e-type=\"section\">\n\t\t\t\t\t\t<div class=\"elementor-container elementor-column-gap-default\">\n\t\t\t\t\t<div class=\"elementor-column elementor-col-100 elementor-top-column elementor-element elementor-element-8a0aeea\" data-id=\"8a0aeea\" data-element_type=\"column\" data-e-type=\"column\">\n\t\t\t<div class=\"elementor-widget-wrap elementor-element-populated\">\n\t\t\t\t\t\t<div class=\"elementor-element elementor-element-c8ad66c elementor-widget elementor-widget-text-editor\" data-id=\"c8ad66c\" data-element_type=\"widget\" data-e-type=\"widget\" data-widget_type=\"text-editor.default\">\n\t\t\t\t<div class=\"elementor-widget-container\">\n\t\t\t\t\t\t\t\t\t<p>C&rsquo;est une m\u00e9thode qui est bas\u00e9e sur la recherche des causes \u00e9motionnelles ou psychologiques qui ont amen\u00e9 une personne \u00e0 avoir certains sympt\u00f4mes physiques. Apr\u00e8s discussion et compr\u00e9hension du probl\u00e8me, on peut envisager une solution. Nous pouvons trouver des causes et explications dans la g\u00e9n\u00e9alogie, les ressentis de la personne quand elle \u00e9tait b\u00e9b\u00e9 ou enfant, ou alors dans le karma. Il y a toujours un conflit programmant et un conflit d\u00e9clenchant dans la vie de la personne pour qu&rsquo;une maladie ou autre sympt\u00f4me physique apparaissent.<br \/>Combin\u00e9 au Bio-magn\u00e9tisme ou au Reiki le D\u00e9codage de Vie est d&rsquo;une grande efficacit\u00e9.<\/p>\t\t\t\t\t\t\t\t<\/div>\n\t\t\t\t<\/div>\n\t\t\t\t<div class=\"elementor-element elementor-element-f254c0c elementor-widget elementor-widget-image\" data-id=\"f254c0c\" data-element_type=\"widget\" data-e-type=\"widget\" data-widget_type=\"image.default\">\n\t\t\t\t<div class=\"elementor-widget-container\">\n\t\t\t\t\t\t\t\t\t\t\t\t\t\t\t<img fetchpriority=\"high\" decoding=\"async\" width=\"1600\" height=\"900\" src=\"https:\/\/massages.therapeutiques.ch\/wp-content\/uploads\/2025\/01\/questions1.jpg\" class=\"attachment-full size-full wp-image-505\" alt=\"\" srcset=\"https:\/\/massages.therapeutiques.ch\/wp-content\/uploads\/2025\/01\/questions1.jpg 1600w, https:\/\/massages.therapeutiques.ch\/wp-content\/uploads\/2025\/01\/questions1-300x169.jpg 300w, https:\/\/massages.therapeutiques.ch\/wp-content\/uploads\/2025\/01\/questions1-1024x576.jpg 1024w, https:\/\/massages.therapeutiques.ch\/wp-content\/uploads\/2025\/01\/questions1-768x432.jpg 768w, https:\/\/massages.therapeutiques.ch\/wp-content\/uploads\/2025\/01\/questions1-1536x864.jpg 1536w\" sizes=\"(max-width: 1600px) 100vw, 1600px\" \/>\t\t\t\t\t\t\t\t\t\t\t\t\t\t\t<\/div>\n\t\t\t\t<\/div>\n\t\t\t\t<div class=\"elementor-element elementor-element-450527a elementor-widget elementor-widget-text-editor\" data-id=\"450527a\" data-element_type=\"widget\" data-e-type=\"widget\" data-widget_type=\"text-editor.default\">\n\t\t\t\t<div class=\"elementor-widget-container\">\n\t\t\t\t\t\t\t\t\t<p>La maladie ou probl\u00e8me \u00e9motionnel est toujours d\u00e9clench\u00e9 suite \u00e0 un \u00e9l\u00e9ment programmant, arriv\u00e9 suite \u00e0 un choc, ou une peur qui a \u00e9t\u00e9 v\u00e9cue dans l\u2019isolement et l\u2019incompr\u00e9hension. Un b\u00e9b\u00e9 ou enfant peut se retrouver dans cette situation apr\u00e8s avoir pris inconsciemment les peurs de ses parents. Il faut donc rechercher au cours de la discussion l\u2019\u00e9l\u00e9ment programmant dans la vie de la personne d\u00e8s sa venue dans le ventre de sa m\u00e8re, ou dans la g\u00e9n\u00e9alogie.<br \/><br \/>Lorsque nous prenons conscience de ce qui a provoqu\u00e9 ces conflits, nous pouvons avancer pour trouver une solution. Si nous voulons changer les choses, nous devons r\u00e9agir en faisant ce que nous n\u2019avons jamais fait, sur le plan physique ou \u00e9motionnel. Le ressenti face \u00e0 une situation est plus important pour notre cerveau que la situation elle-m\u00eame. Le but est de penser et de visualiser positivement. Nous pouvons toujours tirer quelque chose de bien d\u2019une exp\u00e9rience n\u00e9gative, ou comprendre pourquoi cela nous est arriv\u00e9. Et nous nous sentons ensuite plus fort et lib\u00e9r\u00e9s de nos blocages. Sans la compr\u00e9hension, c\u2019est comme si vous prenez un dafalgan contre la douleur qui va vous soulager quelques heures, mais une fois les effets du m\u00e9dicament pass\u00e9s, le mal sera toujours l\u00e0.<\/p>\t\t\t\t\t\t\t\t<\/div>\n\t\t\t\t<\/div>\n\t\t\t\t<div class=\"elementor-element elementor-element-b90cbf1 elementor-widget elementor-widget-image\" data-id=\"b90cbf1\" data-element_type=\"widget\" data-e-type=\"widget\" data-widget_type=\"image.default\">\n\t\t\t\t<div class=\"elementor-widget-container\">\n\t\t\t\t\t\t\t\t\t\t\t\t\t\t\t<img decoding=\"async\" width=\"1600\" height=\"900\" src=\"https:\/\/massages.therapeutiques.ch\/wp-content\/uploads\/2025\/02\/sunset.jpg\" class=\"attachment-full size-full wp-image-666\" alt=\"\" srcset=\"https:\/\/massages.therapeutiques.ch\/wp-content\/uploads\/2025\/02\/sunset.jpg 1600w, https:\/\/massages.therapeutiques.ch\/wp-content\/uploads\/2025\/02\/sunset-300x169.jpg 300w, https:\/\/massages.therapeutiques.ch\/wp-content\/uploads\/2025\/02\/sunset-1024x576.jpg 1024w, https:\/\/massages.therapeutiques.ch\/wp-content\/uploads\/2025\/02\/sunset-768x432.jpg 768w, https:\/\/massages.therapeutiques.ch\/wp-content\/uploads\/2025\/02\/sunset-1536x864.jpg 1536w\" sizes=\"(max-width: 1600px) 100vw, 1600px\" \/>\t\t\t\t\t\t\t\t\t\t\t\t\t\t\t<\/div>\n\t\t\t\t<\/div>\n\t\t\t\t<div class=\"elementor-element elementor-element-5438405 elementor-align-center elementor-widget elementor-widget-button\" data-id=\"5438405\" data-element_type=\"widget\" data-e-type=\"widget\" data-widget_type=\"button.default\">\n\t\t\t\t<div class=\"elementor-widget-container\">\n\t\t\t\t\t\t\t\t\t<div class=\"elementor-button-wrapper\">\n\t\t\t\t\t<a class=\"elementor-button elementor-button-link elementor-size-sm elementor-animation-bob\" href=\"https:\/\/calendar.google.com\/calendar\/appointments\/AcZssZ2eN7wyHxQBny7xn5BqBldzY5gLHHdqh_sOJrY=?gv=true\">\n\t\t\t\t\t\t<span class=\"elementor-button-content-wrapper\">\n\t\t\t\t\t\t\t\t\t<span class=\"elementor-button-text\">R\u00e9servez un rendez-vous<\/span>\n\t\t\t\t\t<\/span>\n\t\t\t\t\t<\/a>\n\t\t\t\t<\/div>\n\t\t\t\t\t\t\t\t<\/div>\n\t\t\t\t<\/div>\n\t\t\t\t\t<\/div>\n\t\t<\/div>\n\t\t\t\t\t<\/div>\n\t\t<\/section>\n\t\t\t\t<\/div>\n\t\t","protected":false},"excerpt":{"rendered":"<p>Le D\u00e9codage de Vie C&rsquo;est une m\u00e9thode qui est bas\u00e9e sur la recherche des causes \u00e9motionnelles ou psychologiques qui ont amen\u00e9 une personne \u00e0 avoir certains sympt\u00f4mes physiques. Apr\u00e8s discussion et compr\u00e9hension du probl\u00e8me, on peut envisager une solution. Nous pouvons trouver des causes et explications dans la g\u00e9n\u00e9alogie, les ressentis de la personne quand [&hellip;]<\/p>\n","protected":false},"author":1,"featured_media":0,"parent":0,"menu_order":10,"comment_status":"closed","ping_status":"closed","template":"","meta":{"footnotes":""},"class_list":["post-80","page","type-page","status-publish","hentry"],"_links":{"self":[{"href":"https:\/\/massages.therapeutiques.ch\/index.php\/wp-json\/wp\/v2\/pages\/80","targetHints":{"allow":["GET"]}}],"collection":[{"href":"https:\/\/massages.therapeutiques.ch\/index.php\/wp-json\/wp\/v2\/pages"}],"about":[{"href":"https:\/\/massages.therapeutiques.ch\/index.php\/wp-json\/wp\/v2\/types\/page"}],"author":[{"embeddable":true,"href":"https:\/\/massages.therapeutiques.ch\/index.php\/wp-json\/wp\/v2\/users\/1"}],"replies":[{"embeddable":true,"href":"https:\/\/massages.therapeutiques.ch\/index.php\/wp-json\/wp\/v2\/comments?post=80"}],"version-history":[{"count":14,"href":"https:\/\/massages.therapeutiques.ch\/index.php\/wp-json\/wp\/v2\/pages\/80\/revisions"}],"predecessor-version":[{"id":1205,"href":"https:\/\/massages.therapeutiques.ch\/index.php\/wp-json\/wp\/v2\/pages\/80\/revisions\/1205"}],"wp:attachment":[{"href":"https:\/\/massages.therapeutiques.ch\/index.php\/wp-json\/wp\/v2\/media?parent=80"}],"curies":[{"name":"wp","href":"https:\/\/api.w.org\/{rel}","templated":true}]}}

Décodage de Vie

<div data-elementor-type="wp-page" data-elementor-id="80" class="elementor elementor-80">
						<section class="elementor-section elementor-top-section elementor-element elementor-element-8cd0208 elementor-section-boxed elementor-section-height-default elementor-section-height-default" data-id="8cd0208" data-element_type="section" data-e-type="section" data-settings="{&quot;background_background&quot;:&quot;classic&quot;,&quot;shape_divider_bottom&quot;:&quot;waves&quot;}">
							<div class="elementor-background-overlay"></div>
						<div class="elementor-shape elementor-shape-bottom" aria-hidden="true" data-negative="false">
			<svg xmlns="http://www.w3.org/2000/svg" viewBox="0 0 1000 100" preserveAspectRatio="none">
	<path class="elementor-shape-fill" d="M421.9,6.5c22.6-2.5,51.5,0.4,75.5,5.3c23.6,4.9,70.9,23.5,100.5,35.7c75.8,32.2,133.7,44.5,192.6,49.7
	c23.6,2.1,48.7,3.5,103.4-2.5c54.7-6,106.2-25.6,106.2-25.6V0H0v30.3c0,0,72,32.6,158.4,30.5c39.2-0.7,92.8-6.7,134-22.4
	c21.2-8.1,52.2-18.2,79.7-24.2C399.3,7.9,411.6,7.5,421.9,6.5z"/>
</svg>		</div>
					<div class="elementor-container elementor-column-gap-default">
					<div class="elementor-column elementor-col-100 elementor-top-column elementor-element elementor-element-7274dd8" data-id="7274dd8" data-element_type="column" data-e-type="column">
			<div class="elementor-widget-wrap elementor-element-populated">
						<div class="elementor-element elementor-element-77d0ab1 elementor-invisible elementor-widget elementor-widget-heading" data-id="77d0ab1" data-element_type="widget" data-e-type="widget" data-settings="{&quot;_animation&quot;:&quot;zoomIn&quot;}" data-widget_type="heading.default">
				<div class="elementor-widget-container">
					<h1 class="elementor-heading-title elementor-size-default">Le Décodage de Vie</h1>				</div>
				</div>
					</div>
		</div>
					</div>
		</section>
				<section class="elementor-section elementor-top-section elementor-element elementor-element-23b18cc elementor-section-boxed elementor-section-height-default elementor-section-height-default" data-id="23b18cc" data-element_type="section" data-e-type="section">
						<div class="elementor-container elementor-column-gap-default">
					<div class="elementor-column elementor-col-100 elementor-top-column elementor-element elementor-element-8a0aeea" data-id="8a0aeea" data-element_type="column" data-e-type="column">
			<div class="elementor-widget-wrap elementor-element-populated">
						<div class="elementor-element elementor-element-c8ad66c elementor-widget elementor-widget-text-editor" data-id="c8ad66c" data-element_type="widget" data-e-type="widget" data-widget_type="text-editor.default">
				<div class="elementor-widget-container">
									<p>C&rsquo;est une méthode qui est basée sur la recherche des causes émotionnelles ou psychologiques qui ont amené une personne à avoir certains symptômes physiques. Après discussion et compréhension du problème, on peut envisager une solution. Nous pouvons trouver des causes et explications dans la généalogie, les ressentis de la personne quand elle était bébé ou enfant, ou alors dans le karma. Il y a toujours un conflit programmant et un conflit déclenchant dans la vie de la personne pour qu&rsquo;une maladie ou autre symptôme physique apparaissent.<br />Combiné au Bio-magnétisme ou au Reiki le Décodage de Vie est d&rsquo;une grande efficacité.</p>								</div>
				</div>
				<div class="elementor-element elementor-element-f254c0c elementor-widget elementor-widget-image" data-id="f254c0c" data-element_type="widget" data-e-type="widget" data-widget_type="image.default">
				<div class="elementor-widget-container">
															<img fetchpriority="high" decoding="async" width="1600" height="900" src="https://massages.therapeutiques.ch/wp-content/uploads/2025/01/questions1.jpg" class="attachment-full size-full wp-image-505" alt="" srcset="https://massages.therapeutiques.ch/wp-content/uploads/2025/01/questions1.jpg 1600w, https://massages.therapeutiques.ch/wp-content/uploads/2025/01/questions1-300x169.jpg 300w, https://massages.therapeutiques.ch/wp-content/uploads/2025/01/questions1-1024x576.jpg 1024w, https://massages.therapeutiques.ch/wp-content/uploads/2025/01/questions1-768x432.jpg 768w, https://massages.therapeutiques.ch/wp-content/uploads/2025/01/questions1-1536x864.jpg 1536w" sizes="(max-width: 1600px) 100vw, 1600px" />															</div>
				</div>
				<div class="elementor-element elementor-element-450527a elementor-widget elementor-widget-text-editor" data-id="450527a" data-element_type="widget" data-e-type="widget" data-widget_type="text-editor.default">
				<div class="elementor-widget-container">
									<p>La maladie ou problème émotionnel est toujours déclenché suite à un élément programmant, arrivé suite à un choc, ou une peur qui a été vécue dans l’isolement et l’incompréhension. Un bébé ou enfant peut se retrouver dans cette situation après avoir pris inconsciemment les peurs de ses parents. Il faut donc rechercher au cours de la discussion l’élément programmant dans la vie de la personne dès sa venue dans le ventre de sa mère, ou dans la généalogie.<br /><br />Lorsque nous prenons conscience de ce qui a provoqué ces conflits, nous pouvons avancer pour trouver une solution. Si nous voulons changer les choses, nous devons réagir en faisant ce que nous n’avons jamais fait, sur le plan physique ou émotionnel. Le ressenti face à une situation est plus important pour notre cerveau que la situation elle-même. Le but est de penser et de visualiser positivement. Nous pouvons toujours tirer quelque chose de bien d’une expérience négative, ou comprendre pourquoi cela nous est arrivé. Et nous nous sentons ensuite plus fort et libérés de nos blocages. Sans la compréhension, c’est comme si vous prenez un dafalgan contre la douleur qui va vous soulager quelques heures, mais une fois les effets du médicament passés, le mal sera toujours là.</p>								</div>
				</div>
				<div class="elementor-element elementor-element-b90cbf1 elementor-widget elementor-widget-image" data-id="b90cbf1" data-element_type="widget" data-e-type="widget" data-widget_type="image.default">
				<div class="elementor-widget-container">
															<img decoding="async" width="1600" height="900" src="https://massages.therapeutiques.ch/wp-content/uploads/2025/02/sunset.jpg" class="attachment-full size-full wp-image-666" alt="" srcset="https://massages.therapeutiques.ch/wp-content/uploads/2025/02/sunset.jpg 1600w, https://massages.therapeutiques.ch/wp-content/uploads/2025/02/sunset-300x169.jpg 300w, https://massages.therapeutiques.ch/wp-content/uploads/2025/02/sunset-1024x576.jpg 1024w, https://massages.therapeutiques.ch/wp-content/uploads/2025/02/sunset-768x432.jpg 768w, https://massages.therapeutiques.ch/wp-content/uploads/2025/02/sunset-1536x864.jpg 1536w" sizes="(max-width: 1600px) 100vw, 1600px" />															</div>
				</div>
				<div class="elementor-element elementor-element-5438405 elementor-align-center elementor-widget elementor-widget-button" data-id="5438405" data-element_type="widget" data-e-type="widget" data-widget_type="button.default">
				<div class="elementor-widget-container">
									<div class="elementor-button-wrapper">
					<a class="elementor-button elementor-button-link elementor-size-sm elementor-animation-bob" href="https://calendar.google.com/calendar/appointments/AcZssZ2eN7wyHxQBny7xn5BqBldzY5gLHHdqh_sOJrY=?gv=true">
						<span class="elementor-button-content-wrapper">
									<span class="elementor-button-text">Réservez un rendez-vous</span>
					</span>
					</a>
				</div>
								</div>
				</div>
					</div>
		</div>
					</div>
		</section>
				</div>

<p>Le Décodage de Vie C&rsquo;est une méthode qui est basée sur la recherche des causes émotionnelles ou psychologiques qui ont amené une personne à avoir certains symptômes physiques. Après discussion et compréhension du problème, on peut envisager une solution. Nous pouvons trouver des causes et explications dans la généalogie, les ressentis de la personne quand [&hellip;]</p>
